{"id":297,"date":"2018-02-06T12:06:13","date_gmt":"2018-02-06T11:06:13","guid":{"rendered":"https:\/\/ramaderiacalandreu.com\/contacto\/"},"modified":"2018-03-05T09:55:42","modified_gmt":"2018-03-05T08:55:42","slug":"contacto","status":"publish","type":"page","link":"https:\/\/ramaderiacalandreu.com\/es\/contacto\/","title":{"rendered":"Contacto"},"content":{"rendered":"<p>[et_pb_section fb_built=\u00bb1&#8243; fullwidth=\u00bbon\u00bb _builder_version=\u00bb3.0.105&#8243; animation_style=\u00bbslide\u00bb animation_direction=\u00bbtop\u00bb animation_intensity_slide=\u00bb2%\u00bb animation_starting_opacity=\u00bb100%\u00bb locked=\u00bboff\u00bb][et_pb_fullwidth_header title=\u00bbContacto\u00bb background_layout=\u00bbdark\u00bb content_max_width=\u00bb800px\u00bb _builder_version=\u00bb3.0.105&#8243; title_level=\u00bbh2&#8243; title_font=\u00bbLato||||||||\u00bb title_font_size=\u00bb60px\u00bb title_line_height=\u00bb1.2em\u00bb content_font_size=\u00bb20px\u00bb content_line_height=\u00bb1.8em\u00bb use_background_color_gradient=\u00bbon\u00bb background_color_gradient_start=\u00bbrgba(0,0,0,0.75)\u00bb background_color_gradient_end=\u00bbrgba(0,0,0,0)\u00bb background_color_gradient_direction=\u00bb90deg\u00bb background_color_gradient_overlays_image=\u00bbon\u00bb background_image=\u00bbhttps:\/\/ramaderiacalandreu.com\/wp-content\/uploads\/2018\/02\/13133349_981364421955167_4910783323255609061_n.jpg\u00bb custom_margin=\u00bb|||\u00bb custom_padding=\u00bb8%||8%|\u00bb custom_button_two=\u00bbon\u00bb button_two_text_size=\u00bb18px\u00bb button_two_text_color=\u00bb#353740&#8243; button_two_bg_color=\u00bb#ffffff\u00bb button_two_border_width=\u00bb8px\u00bb button_two_border_color=\u00bb#ffffff\u00bb button_two_border_radius=\u00bb0px\u00bb button_two_letter_spacing=\u00bb1px\u00bb button_two_font=\u00bbLato|700|||||||\u00bb button_two_use_icon=\u00bboff\u00bb button_two_letter_spacing_hover=\u00bb1px\u00bb custom_button_one=\u00bbon\u00bb button_one_text_size=\u00bb18px\u00bb button_one_bg_color=\u00bb#02d002&#8243; button_one_border_width=\u00bb8px\u00bb button_one_border_color=\u00bb#02d002&#8243; button_one_border_radius=\u00bb0px\u00bb button_one_letter_spacing=\u00bb1px\u00bb button_one_font=\u00bbLato|700|||||||\u00bb button_one_use_icon=\u00bboff\u00bb button_one_letter_spacing_hover=\u00bb1px\u00bb locked=\u00bboff\u00bb][\/et_pb_fullwidth_header][\/et_pb_section][et_pb_section fb_built=\u00bb1&#8243; background_color=\u00bb#f9f9f9&#8243; _builder_version=\u00bb3.0.100&#8243; custom_padding=\u00bb16px|0px|11px|0px\u00bb][et_pb_row _builder_version=\u00bb3.0.98&#8243;][et_pb_column type=\u00bb4_4&#8243; _builder_version=\u00bb3.0.47&#8243; parallax=\u00bboff\u00bb parallax_method=\u00bbon\u00bb][et_pb_text _builder_version=\u00bb3.0.98&#8243;]<\/p>\n<h3><span style=\"font-size: xx-large;\">Nos encontrar\u00e1s en&#8230;<\/span><\/h3>\n<p>Al\u00e0s s\/n \u00b7 25700 (Lleida)<br \/>\n639 251 059\u00a0 \u00a0&#8211;\u00a0 <a href=\"mailto:info@ramaderiacalandreu.com\">info@ramaderiacalandreu.com<\/a><\/p>\n<p><strong>o contacta a trav\u00e9s del formulario:<\/strong><br \/>\n[\/et_pb_text][\/et_pb_column][\/et_pb_row][et_pb_row _builder_version=\u00bb3.0.98&#8243;][et_pb_column type=\u00bb1_2&#8243; _builder_version=\u00bb3.0.47&#8243; parallax=\u00bboff\u00bb parallax_method=\u00bbon\u00bb][et_pb_contact_form email=\u00bbinfo@ramaderiacalandreu.com\u00bb module_id=\u00bbet_pb_contact_form_0&#8243; _builder_version=\u00bb3.0.100&#8243; custom_button=\u00bbon\u00bb button_text_size=\u00bb19&#8243; button_bg_color=\u00bb#f9f9f9&#8243; button_font=\u00bb||||||||\u00bb][et_pb_contact_field field_id=\u00bbName\u00bb field_title=\u00bbNombre\u00bb _builder_version=\u00bb3.0.98&#8243; border_radii=\u00bbon||||\u00bb][\/et_pb_contact_field][et_pb_contact_field field_id=\u00bbTel\u00e9fono\u00bb field_title=\u00bbTel\u00e9fono\u00bb _builder_version=\u00bb3.0.98&#8243;][\/et_pb_contact_field][et_pb_contact_field field_id=\u00bbEmail\u00bb field_title=\u00bbEmail\u00bb field_type=\u00bbemail\u00bb fullwidth_field=\u00bbon\u00bb _builder_version=\u00bb3.0.98&#8243; border_radii=\u00bbon||||\u00bb][\/et_pb_contact_field][et_pb_contact_field field_id=\u00bbMessage\u00bb field_title=\u00bbMensaje\u00bb field_type=\u00bbtext\u00bb fullwidth_field=\u00bbon\u00bb _builder_version=\u00bb3.0.98&#8243; border_radii=\u00bbon||||\u00bb][\/et_pb_contact_field][\/et_pb_contact_form][\/et_pb_column][et_pb_column type=\u00bb1_2&#8243; _builder_version=\u00bb3.0.47&#8243; parallax=\u00bboff\u00bb parallax_method=\u00bbon\u00bb][et_pb_map address=\u00bb25718 Al\u00e1s, L\u00e9rida, Espa\u00f1a\u00bb zoom_level=\u00bb12&#8243; address_lat=\u00bb42.355899622921&#8243; address_lng=\u00bb1.4850816141113&#8243; _builder_version=\u00bb3.0.98&#8243;][et_pb_map_pin pin_address=\u00bb25718 Al\u00e1s, L\u00e9rida, Espa\u00f1a\u00bb pin_address_lat=\u00bb42.3514596&#8243; pin_address_lng=\u00bb1.5082559&#8243; _builder_version=\u00bb3.0.98&#8243;][\/et_pb_map_pin][\/et_pb_map][\/et_pb_column][\/et_pb_row][\/et_pb_section]<\/p>\n","protected":false},"excerpt":{"rendered":"<p>Nos encontrar\u00e1s en&#8230; Al\u00e0s s\/n \u00b7 25700 (Lleida) 639 251 059\u00a0 \u00a0&#8211;\u00a0 info@ramaderiacalandreu.com o contacta a trav\u00e9s del formulario:<\/p>\n","protected":false},"author":1,"featured_media":0,"parent":0,"menu_order":0,"comment_status":"closed","ping_status":"closed","template":"","meta":{"_et_pb_use_builder":"on","_et_pb_old_content":"","_et_gb_content_width":"","jetpack_post_was_ever_published":false,"footnotes":""},"class_list":["post-297","page","type-page","status-publish","hentry"],"yoast_head":"<!-- This site is optimized with the Yoast SEO plugin v26.2 - https:\/\/yoast.com\/wordpress\/plugins\/seo\/ -->\n<title>Contacto - Ramaderia Ca L&#039;Andreu<\/title>\n<meta name=\"robots\" content=\"index, follow, max-snippet:-1, max-image-preview:large, max-video-preview:-1\" \/>\n<link rel=\"canonical\" href=\"https:\/\/ramaderiacalandreu.com\/es\/contacto\/\" \/>\n<meta property=\"og:locale\" content=\"es_ES\" \/>\n<meta property=\"og:type\" content=\"article\" \/>\n<meta property=\"og:title\" content=\"Contacto - Ramaderia Ca L&#039;Andreu\" \/>\n<meta property=\"og:description\" content=\"Nos encontrar\u00e1s en... Al\u00e0s s\/n \u00b7 25700 (Lleida) 639 251 059\u00a0 \u00a0-\u00a0 info@ramaderiacalandreu.com o contacta a trav\u00e9s del formulario:\" \/>\n<meta property=\"og:url\" content=\"https:\/\/ramaderiacalandreu.com\/es\/contacto\/\" \/>\n<meta property=\"og:site_name\" content=\"Ramaderia Ca L&#039;Andreu\" \/>\n<meta property=\"article:modified_time\" content=\"2018-03-05T08:55:42+00:00\" \/>\n<meta name=\"twitter:card\" content=\"summary_large_image\" \/>\n<meta name=\"twitter:label1\" content=\"Tiempo de lectura\" \/>\n\t<meta name=\"twitter:data1\" content=\"2 minutos\" \/>\n<script type=\"application\/ld+json\" class=\"yoast-schema-graph\">{\"@context\":\"https:\/\/schema.org\",\"@graph\":[{\"@type\":\"WebPage\",\"@id\":\"https:\/\/ramaderiacalandreu.com\/es\/contacto\/\",\"url\":\"https:\/\/ramaderiacalandreu.com\/es\/contacto\/\",\"name\":\"Contacto - Ramaderia Ca L&#039;Andreu\",\"isPartOf\":{\"@id\":\"https:\/\/ramaderiacalandreu.com\/#website\"},\"datePublished\":\"2018-02-06T11:06:13+00:00\",\"dateModified\":\"2018-03-05T08:55:42+00:00\",\"breadcrumb\":{\"@id\":\"https:\/\/ramaderiacalandreu.com\/es\/contacto\/#breadcrumb\"},\"inLanguage\":\"es\",\"potentialAction\":[{\"@type\":\"ReadAction\",\"target\":[\"https:\/\/ramaderiacalandreu.com\/es\/contacto\/\"]}]},{\"@type\":\"BreadcrumbList\",\"@id\":\"https:\/\/ramaderiacalandreu.com\/es\/contacto\/#breadcrumb\",\"itemListElement\":[{\"@type\":\"ListItem\",\"position\":1,\"name\":\"Inici\",\"item\":\"https:\/\/ramaderiacalandreu.com\/es\/\"},{\"@type\":\"ListItem\",\"position\":2,\"name\":\"Contacto\"}]},{\"@type\":\"WebSite\",\"@id\":\"https:\/\/ramaderiacalandreu.com\/#website\",\"url\":\"https:\/\/ramaderiacalandreu.com\/\",\"name\":\"Ramaderia Ca L&#039;Andreu\",\"description\":\"Botiga online de carn ecol\u00f2gica\",\"potentialAction\":[{\"@type\":\"SearchAction\",\"target\":{\"@type\":\"EntryPoint\",\"urlTemplate\":\"https:\/\/ramaderiacalandreu.com\/?s={search_term_string}\"},\"query-input\":{\"@type\":\"PropertyValueSpecification\",\"valueRequired\":true,\"valueName\":\"search_term_string\"}}],\"inLanguage\":\"es\"}]}<\/script>\n<!-- \/ Yoast SEO plugin. -->","yoast_head_json":{"title":"Contacto - Ramaderia Ca L&#039;Andreu","robots":{"index":"index","follow":"follow","max-snippet":"max-snippet:-1","max-image-preview":"max-image-preview:large","max-video-preview":"max-video-preview:-1"},"canonical":"https:\/\/ramaderiacalandreu.com\/es\/contacto\/","og_locale":"es_ES","og_type":"article","og_title":"Contacto - Ramaderia Ca L&#039;Andreu","og_description":"Nos encontrar\u00e1s en... Al\u00e0s s\/n \u00b7 25700 (Lleida) 639 251 059\u00a0 \u00a0-\u00a0 info@ramaderiacalandreu.com o contacta a trav\u00e9s del formulario:","og_url":"https:\/\/ramaderiacalandreu.com\/es\/contacto\/","og_site_name":"Ramaderia Ca L&#039;Andreu","article_modified_time":"2018-03-05T08:55:42+00:00","twitter_card":"summary_large_image","twitter_misc":{"Tiempo de lectura":"2 minutos"},"schema":{"@context":"https:\/\/schema.org","@graph":[{"@type":"WebPage","@id":"https:\/\/ramaderiacalandreu.com\/es\/contacto\/","url":"https:\/\/ramaderiacalandreu.com\/es\/contacto\/","name":"Contacto - Ramaderia Ca L&#039;Andreu","isPartOf":{"@id":"https:\/\/ramaderiacalandreu.com\/#website"},"datePublished":"2018-02-06T11:06:13+00:00","dateModified":"2018-03-05T08:55:42+00:00","breadcrumb":{"@id":"https:\/\/ramaderiacalandreu.com\/es\/contacto\/#breadcrumb"},"inLanguage":"es","potentialAction":[{"@type":"ReadAction","target":["https:\/\/ramaderiacalandreu.com\/es\/contacto\/"]}]},{"@type":"BreadcrumbList","@id":"https:\/\/ramaderiacalandreu.com\/es\/contacto\/#breadcrumb","itemListElement":[{"@type":"ListItem","position":1,"name":"Inici","item":"https:\/\/ramaderiacalandreu.com\/es\/"},{"@type":"ListItem","position":2,"name":"Contacto"}]},{"@type":"WebSite","@id":"https:\/\/ramaderiacalandreu.com\/#website","url":"https:\/\/ramaderiacalandreu.com\/","name":"Ramaderia Ca L&#039;Andreu","description":"Botiga online de carn ecol\u00f2gica","potentialAction":[{"@type":"SearchAction","target":{"@type":"EntryPoint","urlTemplate":"https:\/\/ramaderiacalandreu.com\/?s={search_term_string}"},"query-input":{"@type":"PropertyValueSpecification","valueRequired":true,"valueName":"search_term_string"}}],"inLanguage":"es"}]}},"jetpack_sharing_enabled":true,"jetpack_shortlink":"https:\/\/wp.me\/P9BGFK-4N","jetpack_likes_enabled":true,"jetpack-related-posts":[],"_links":{"self":[{"href":"https:\/\/ramaderiacalandreu.com\/es\/wp-json\/wp\/v2\/pages\/297","targetHints":{"allow":["GET"]}}],"collection":[{"href":"https:\/\/ramaderiacalandreu.com\/es\/wp-json\/wp\/v2\/pages"}],"about":[{"href":"https:\/\/ramaderiacalandreu.com\/es\/wp-json\/wp\/v2\/types\/page"}],"author":[{"embeddable":true,"href":"https:\/\/ramaderiacalandreu.com\/es\/wp-json\/wp\/v2\/users\/1"}],"replies":[{"embeddable":true,"href":"https:\/\/ramaderiacalandreu.com\/es\/wp-json\/wp\/v2\/comments?post=297"}],"version-history":[{"count":7,"href":"https:\/\/ramaderiacalandreu.com\/es\/wp-json\/wp\/v2\/pages\/297\/revisions"}],"predecessor-version":[{"id":654,"href":"https:\/\/ramaderiacalandreu.com\/es\/wp-json\/wp\/v2\/pages\/297\/revisions\/654"}],"wp:attachment":[{"href":"https:\/\/ramaderiacalandreu.com\/es\/wp-json\/wp\/v2\/media?parent=297"}],"curies":[{"name":"wp","href":"https:\/\/api.w.org\/{rel}","templated":true}]}}

<p>[et_pb_section fb_built=»1&#8243; fullwidth=»on» _builder_version=»3.0.105&#8243; animation_style=»slide» animation_direction=»top» animation_intensity_slide=»2%» animation_starting_opacity=»100%» locked=»off»][et_pb_fullwidth_header title=»Contacto» background_layout=»dark» content_max_width=»800px» _builder_version=»3.0.105&#8243; title_level=»h2&#8243; title_font=»Lato||||||||» title_font_size=»60px» title_line_height=»1.2em» content_font_size=»20px» content_line_height=»1.8em» use_background_color_gradient=»on» background_color_gradient_start=»rgba(0,0,0,0.75)» background_color_gradient_end=»rgba(0,0,0,0)» background_color_gradient_direction=»90deg» background_color_gradient_overlays_image=»on» background_image=»https://ramaderiacalandreu.com/wp-content/uploads/2018/02/13133349_981364421955167_4910783323255609061_n.jpg» custom_margin=»|||» custom_padding=»8%||8%|» custom_button_two=»on» button_two_text_size=»18px» button_two_text_color=»#353740&#8243; button_two_bg_color=»#ffffff» button_two_border_width=»8px» button_two_border_color=»#ffffff» button_two_border_radius=»0px» button_two_letter_spacing=»1px» button_two_font=»Lato|700|||||||» button_two_use_icon=»off» button_two_letter_spacing_hover=»1px» custom_button_one=»on» button_one_text_size=»18px» button_one_bg_color=»#02d002&#8243; button_one_border_width=»8px» button_one_border_color=»#02d002&#8243; button_one_border_radius=»0px» button_one_letter_spacing=»1px» button_one_font=»Lato|700|||||||» button_one_use_icon=»off» button_one_letter_spacing_hover=»1px» locked=»off»][/et_pb_fullwidth_header][/et_pb_section][et_pb_section fb_built=»1&#8243; background_color=»#f9f9f9&#8243; _builder_version=»3.0.100&#8243; custom_padding=»16px|0px|11px|0px»][et_pb_row _builder_version=»3.0.98&#8243;][et_pb_column type=»4_4&#8243; _builder_version=»3.0.47&#8243; parallax=»off» parallax_method=»on»][et_pb_text _builder_version=»3.0.98&#8243;]</p>
<h3><span style="font-size: xx-large;">Nos encontrarás en&#8230;</span></h3>
<p>Alàs s/n · 25700 (Lleida)<br />
639 251 059   &#8211;  <a href="mailto:info@ramaderiacalandreu.com">info@ramaderiacalandreu.com</a></p>
<p><strong>o contacta a través del formulario:</strong><br />
[/et_pb_text][/et_pb_column][/et_pb_row][et_pb_row _builder_version=»3.0.98&#8243;][et_pb_column type=»1_2&#8243; _builder_version=»3.0.47&#8243; parallax=»off» parallax_method=»on»][et_pb_contact_form email=»info@ramaderiacalandreu.com» module_id=»et_pb_contact_form_0&#8243; _builder_version=»3.0.100&#8243; custom_button=»on» button_text_size=»19&#8243; button_bg_color=»#f9f9f9&#8243; button_font=»||||||||»][et_pb_contact_field field_id=»Name» field_title=»Nombre» _builder_version=»3.0.98&#8243; border_radii=»on||||»][/et_pb_contact_field][et_pb_contact_field field_id=»Teléfono» field_title=»Teléfono» _builder_version=»3.0.98&#8243;][/et_pb_contact_field][et_pb_contact_field field_id=»Email» field_title=»Email» field_type=»email» fullwidth_field=»on» _builder_version=»3.0.98&#8243; border_radii=»on||||»][/et_pb_contact_field][et_pb_contact_field field_id=»Message» field_title=»Mensaje» field_type=»text» fullwidth_field=»on» _builder_version=»3.0.98&#8243; border_radii=»on||||»][/et_pb_contact_field][/et_pb_contact_form][/et_pb_column][et_pb_column type=»1_2&#8243; _builder_version=»3.0.47&#8243; parallax=»off» parallax_method=»on»][et_pb_map address=»25718 Alás, Lérida, España» zoom_level=»12&#8243; address_lat=»42.355899622921&#8243; address_lng=»1.4850816141113&#8243; _builder_version=»3.0.98&#8243;][et_pb_map_pin pin_address=»25718 Alás, Lérida, España» pin_address_lat=»42.3514596&#8243; pin_address_lng=»1.5082559&#8243; _builder_version=»3.0.98&#8243;][/et_pb_map_pin][/et_pb_map][/et_pb_column][/et_pb_row][/et_pb_section]</p>

<p>Nos encontrarás en&#8230; Alàs s/n · 25700 (Lleida) 639 251 059   &#8211;  info@ramaderiacalandreu.com o contacta a través del formulario:</p>

<!-- This site is optimized with the Yoast SEO plugin v26.2 - https://yoast.com/wordpress/plugins/seo/ -->
<title>Contacto - Ramaderia Ca L&#039;Andreu</title>
<meta name="robots" content="index, follow, max-snippet:-1, max-image-preview:large, max-video-preview:-1" />
<link rel="canonical" href="https://ramaderiacalandreu.com/es/contacto/" />
<meta property="og:locale" content="es_ES" />
<meta property="og:type" content="article" />
<meta property="og:title" content="Contacto - Ramaderia Ca L&#039;Andreu" />
<meta property="og:description" content="Nos encontrarás en... Alàs s/n · 25700 (Lleida) 639 251 059   -  info@ramaderiacalandreu.com o contacta a través del formulario:" />
<meta property="og:url" content="https://ramaderiacalandreu.com/es/contacto/" />
<meta property="og:site_name" content="Ramaderia Ca L&#039;Andreu" />
<meta property="article:modified_time" content="2018-03-05T08:55:42+00:00" />
<meta name="twitter:card" content="summary_large_image" />
<meta name="twitter:label1" content="Tiempo de lectura" />
	<meta name="twitter:data1" content="2 minutos" />
<script type="application/ld+json" class="yoast-schema-graph">{"@context":"https://schema.org","@graph":[{"@type":"WebPage","@id":"https://ramaderiacalandreu.com/es/contacto/","url":"https://ramaderiacalandreu.com/es/contacto/","name":"Contacto - Ramaderia Ca L&#039;Andreu","isPartOf":{"@id":"https://ramaderiacalandreu.com/#website"},"datePublished":"2018-02-06T11:06:13+00:00","dateModified":"2018-03-05T08:55:42+00:00","breadcrumb":{"@id":"https://ramaderiacalandreu.com/es/contacto/#breadcrumb"},"inLanguage":"es","potentialAction":[{"@type":"ReadAction","target":["https://ramaderiacalandreu.com/es/contacto/"]}]},{"@type":"BreadcrumbList","@id":"https://ramaderiacalandreu.com/es/contacto/#breadcrumb","itemListElement":[{"@type":"ListItem","position":1,"name":"Inici","item":"https://ramaderiacalandreu.com/es/"},{"@type":"ListItem","position":2,"name":"Contacto"}]},{"@type":"WebSite","@id":"https://ramaderiacalandreu.com/#website","url":"https://ramaderiacalandreu.com/","name":"Ramaderia Ca L&#039;Andreu","description":"Botiga online de carn ecològica","potentialAction":[{"@type":"SearchAction","target":{"@type":"EntryPoint","urlTemplate":"https://ramaderiacalandreu.com/?s={search_term_string}"},"query-input":{"@type":"PropertyValueSpecification","valueRequired":true,"valueName":"search_term_string"}}],"inLanguage":"es"}]}</script>
<!-- / Yoast SEO plugin. -->

Nos encontrarás en... Alàs s/n · 25700 (Lleida) 639 251 059   -  info@ramaderiacalandreu.com o contacta a través del formulario:

Botiga online de carn ecològica
